late the greatest common factor of d and 6.
3
Let k = -2 + 0. Let y be (-9 - (-2)/2)*k. Let u be -5 + 3 - -3*22. Calculate the greatest common divisor of y and u.
16
Suppose -5*q + 151 - 576 = 0. Let z = q + 141. Let m be -1 - (-8 + 1 + -2). Calculate the highest common divisor of z and m.
8
Suppose -10*t + 423 = -t. What is the greatest common divisor of 141 and t?
47
Suppose -4*t - i + 0*i + 125 = 0, 3*i = -5*t + 151. Let b be (-15)/3 + (2 - 1). Let y = t - b. What is the highest common divisor of 24 and y?
12
Suppose t - 5 - 3 = 0. Suppose -8 = 3*l - 2. Let x be (75/l)/((-6)/t). Calculate the highest common divisor of 5 and x.
5
Suppose 0 = -3*d + 19 - 1. Let r(y) = -2*y + 6. Let x be r(4). Let t be (80/(-30))/(x/18). What is the greatest common factor of t and d?
6
Suppose 20 = -4*d, -d + 4 + 41 = 2*o. Suppose -37*q = -51*q + 70. What is the highest common divisor of q and o?
5
Let t(b) = 2*b**3 - b**2 + b - 1. Let c be t(-4). Let x = c + 217. What is the highest common divisor of 17 and x?
17
Suppose -3*n + 5*o = -58, 0 = -3*n + 2*n - o + 14. Let v be (16/(-20))/(1/(-60)). What is the highest common factor of n and v?
16
Let f(p) = p**2 - p - 4. Let a be f(-2). Calculate the greatest common divisor of 2 and a.
2
Let z = 145 + -91. What is the greatest common factor of 9 and z?
9
Suppose -4*a + 7*a = 0. Suppose a = -2*u + 5*u - 21. Calculate the highest common factor of 56 and u.
7
Let u(d) = 2*d**3 + d**2 + d. Let a be u(-1). Let l be (-30)/4*(-4 - a). Calculate the highest common factor of 120 and l.
15
Suppose -6 = -2*p + 2, 0 = 2*w - 5*p - 860. Suppose 10*y = 15*y - w. Calculate the highest common factor of y and 8.
8
Suppose 69 + 651 = 4*u. Let h = 1 + 1. Suppose -a + u = h*a. Calculate the greatest common factor of 24 and a.
12
Suppose 0*g + 3*g = 9. Let y = g - -4. What is the highest common factor of y and 7?
7
Let y be ((-4)/(-5))/(4/50). Calculate the greatest common divisor of y and 4.
2
Let a = 18 + -16. Suppose -q + a*q - 3 = 0. Calculate the greatest common factor of q and 15.
3
Let c = -6 - -8. Suppose f + 1 = c*f - 2*j, 3*j - 15 = 0. What is the highest common factor of f and 99?
11
Suppose -7*q - 51 = -10*q. What is the highest common divisor of q and 51?
17
Let g(w) = 10*w - 18*w + 0 + 5. Let i be g(-5). Calculate the highest common divisor of 15 and i.
15
Suppose -6 = -0*x - 2*x. Suppose 0 = -x*r + 17 + 7. What is the highest common factor of r and 1?
1
Suppose 0 = -3*k + 3*g + 33, 27 = -5*k + 4*g + 85. What is the greatest common factor of k and 28?
14
Let b be ((-2)/(-5))/(6/360). What is the greatest common factor of 3 and b?
3
Let r = -15 + 29. Let j(x) = -98*x. Let b be j(-1). Calculate the highest common factor of b and r.
14
Suppose 0 = -w + 3*w - 8. Suppose -2*x - 12 = -w*x. Suppose 0*j + 3*j = -4*z + 19, 0 = -2*z + 4*j + 4. Calculate the greatest common divisor of x and z.
2
Let q(r) = 2*r - 24. Let i be q(18). Calculate the highest common divisor of 48 and i.
12
Let p be -29 - (-5)/(5/2). Suppose 3 = z - 6. Let y be 812/z - (-6)/p. Calculate the greatest common factor of 10 and y.
10
Suppose -5 = -2*y + 9. Calculate the greatest common divisor of 49 and y.
7
Suppose -41 = -4*r + 23. What is the highest common factor of 2 and r?
2
Let p = -30 - -60. What is the highest common factor of 12 and p?
6
Let c = -5 - -10. Let o = 69 - 44. What is the greatest common divisor of o and c?
5
Let c = 14 - 9. Suppose 16 = c*q - 24. Calculate the highest common divisor of 4 and q.
4
Let p(n) = -57*n**2 - 7*n - 2. Let h(j) = -28*j**2 - 3*j - 1. Let o(f) = -7*h(f) + 3*p(f). Let w be o(-1). Calculate the highest common factor of 39 and w.
13
Let r(u) = -u**2 - 4*u + 2. Let l = -4 - -1. Let s be r(l). Let m be -25*((-23)/s + 3). What is the greatest common factor of m and 10?
10
Let o = 144 + -80. Let z = o + -31. Calculate the highest common divisor of z and 11.
11
Let s(d) = d**3 + 9*d**2 + 13*d + 10. Let m be s(-8). Let n be (m/12)/(2/(-8)). What is the highest common divisor of n and 30?
10
Let q(i) = i**2 - 6*i + 8. Let j be q(7). Let m(k) = -3 - 2*k + 4 + j*k**2 - 4*k**2. Let g be m(1). Calculate the greatest common factor of g and 15.
5
Suppose 2*z = 11 + 13. Let s = -6 + 16. Let b be 1/5 - (-838)/s. Calculate the greatest common factor of b and z.
12
Let o(t) = 2*t**2 + 4*t + 3. Let s be o(-3). Let r(m) = m**2 - 12*m + 17. Let k be r(16). Calculate the highest common factor of k and s.
9
Let q(d) = d**3 - 3*d**2 - 4*d + 4. Let n be q(4). Let h be 15*((-12)/(-5))/n. Let x be (-3)/10*-2*5. Calculate the highest common factor of x and h.
3
Let l be 0 - (-1 + (-1 - -2)). Suppose -4*r + 3*r = l. Suppose k - 4 = -r*k. What is the highest common factor of 44 and k?
4
Suppose -2*q - 5*n = 2, -4*q - 4*n = -8*n - 52. Let g be (q - 0) + -1 + -2. Let p = 33 - -15. Calculate the greatest common factor of g and p.
6
Let b(g) = 6*g**2 + 6*g - 6. Let m be b(3). What is the highest common divisor of m and 6?
6
Let w(n) = -5*n - 27. Let x be w(-6). Calculate the greatest common factor of 3 and x.
3
Let y = 5 + -10. Let o be ((-1 - 0) + y)/(-2). Calculate the highest common factor of o and 3.
3
Suppose 2*a + 4*x - 28 = 0, 3*a - x + 0*x - 77 = 0. Let u = -26 - -38. What is the greatest common factor of a and u?
12
Let p be (-1 + (2 - 2))/(1/(-7)). What is the highest common factor of p and 49?
7
Suppose -4*m + 3*z + 11 = 0, 3*m - 9 = 4*z - 2*z. Let w = -3 + m. What is the highest common factor of 18 and w?
2
Let a = -16 + 32. Let m = 0 + a. Calculate the greatest common divisor of m and 64.
16
Let v(y) = y**3 - 9*y**2 + 9*y - 3. Let k be v(8). Suppose b = -k*n + 64, 5*n - 78 = -5*b + 2. What is the greatest common factor of 3 and n?
3
Let j(o) = 2*o**2 - o. Let p be j(1). Let y be 2 - (2*-2)/2. What is the greatest common divisor of y and p?
1
Suppose 50 = -j - 4*b + 123, 0 = -5*j - 4*b + 333. What is the highest common divisor of j and 26?
13
Let j = 34 + -30. Calculate the highest common divisor of j and 10.
2
Let l = 2 + -3. Let y(j) = -j**3 - 2*j**2 - 2*j - 1. Let o be y(l). Suppose -60 = -4*t - o*t. What is the highest common factor of t and 30?
15
Let v = 29 + -27. What is the greatest common divisor of v and 6?
2
Suppose -7 = -d + 10. Suppose 2*i + 4*v = v - 11, -5*v + 19 = -2*i. Let c = d + i. Calculate the greatest common factor of c and 90.
10
Let x(s) = s**2 - 4*s - 17. Let p be x(8). What is the highest common divisor of 120 and p?
15
Let n = -29 + 53. What is the highest common divisor of n and 60?
12
Suppose -17*k = -18*k + 60. What is the highest common factor of k and 12?
12
Let n = 3 + 41. Suppose -8 = -4*t + 4*a, -4*t + a + 2 = 6. Let v = 9 - t. What is the highest common factor of v and n?
11
Suppose d + 81 = 4*b, -83 = -b - 3*b + 3*d. Let g = b - 14. Let r(x) = 2*x - 4. Let c be r(g). Calculate the greatest common factor of 16 and c.
8
Let h = -42 - -119. Calculate the highest common factor of h and 7.
7
Suppose -42 = 5*q - 107. Suppose 2*h = 341 - 159. What is the highest common divisor of h and q?
13
Let u = 57 + -41. Calculate the highest common factor of u and 4.
4
Let i be 192/10 - 3/15. Suppose -g = 2*a + 13, 8 + i = -4*a - 3*g. Let v = 10 + a. What is the highest common divisor of v and 36?
4
Suppose -2*q + 16 = 6*u - 4*u, 2*q + 3*u = 18. What is the highest common divisor of q and 54?
6
Let x(a) = 3*a**2 - 2*a + 3. Let w(r) = -r**2 - 2*r + 1. Let p be w(-2). Suppose -p = -2*n + 5. Let y be x(n). Calculate the highest common factor of y and 8.
8
Let y be (-4)/10 - 32/(-5). Calculate the highest common factor of 6 and y.
6
Suppose -2*a - 3*m + 33 = -0*m, 3*a + 2*m = 57. What is the highest common factor of a and 3?
3
Let b(z) = -3*z + 4. Let f be b(-3). Let q = 296 - 192. Calculate the highest common divisor of q and f.
13
Let j be 2/12*10*(7 - -29). Calculate the highest common factor of 12 and j.
12
Let f(c) = 3*c**2 + 12*c + 3. Let v be f(-7). Calculate the greatest common divisor of v and 22.
22
Suppose -23 = 12*h - 13*h. What is the greatest common factor of 115 and h?
23
Let v(b) = 71*b**3 + 3*b**2 - 6*b + 4. Let i be v(1). Let j(r) = -7*r - 3. Let h be j(-3). Calculate the greatest common divisor of i and h.
18
Let g be (-848)/(-20) - 2/5. Let a = 39 + -25. What is the highest common factor of g and a?
1